{"id":73,"date":"2018-12-02T12:13:23","date_gmt":"2018-12-02T12:13:23","guid":{"rendered":"http:\/\/s405190592.online.de\/?page_id=73"},"modified":"2024-01-12T16:07:00","modified_gmt":"2024-01-12T16:07:00","slug":"unsere-werkstatt","status":"publish","type":"page","link":"https:\/\/geschichtswerkstatt-degerloch.de\/aktuelles\/unsere-werkstatt","title":{"rendered":"Die &#8222;Werkstatt Geschichte&#8220;"},"content":{"rendered":"<p><span style=\"font-size: 14pt; color: #000000;\">im Alten Dekanat, Gro\u00dfe Falterstr. 4, 70597 Stuttgart-Degerloch<\/span><\/p>\n<p><img loading=\"lazy\" decoding=\"async\" class=\"alignnone size-medium wp-image-182\" src=\"https:\/\/geschichtswerkstatt-degerloch.de\/wp-content\/uploads\/2018\/12\/Dekanat_Front-300x200.jpg\" alt=\"\" width=\"300\" height=\"200\" srcset=\"https:\/\/geschichtswerkstatt-degerloch.de\/wp-content\/uploads\/2018\/12\/Dekanat_Front-300x200.jpg 300w, https:\/\/geschichtswerkstatt-degerloch.de\/wp-content\/uploads\/2018\/12\/Dekanat_Front-768x512.jpg 768w, https:\/\/geschichtswerkstatt-degerloch.de\/wp-content\/uploads\/2018\/12\/Dekanat_Front-1024x683.jpg 1024w, https:\/\/geschichtswerkstatt-degerloch.de\/wp-content\/uploads\/2018\/12\/Dekanat_Front.jpg 1368w\" sizes=\"auto, (max-width: 300px) 100vw, 300px\" \/><\/p>\n<h2><span style=\"color: #0000ff; font-size: 14pt;\"><strong>Ge\u00f6ffnet am 1. Samstag im Monat <span style=\"color: #0000ff;\">von 9 bis 12 Uhr<br \/>\n<\/span><\/strong><\/span><span style=\"font-size: 14pt;\"><span style=\"color: #0000ff;\"><strong><span style=\"color: #0000ff;\">oder nach Voranmeldung unter <\/span><span style=\"text-decoration: underline; color: #808080;\"><span style=\"text-decoration: underline;\"><span style=\"color: #333333;\"><a style=\"color: #333333; text-decoration: underline;\" href=\"mailto:info@geschichtswerkstatt-degerloch.de\">info@geschichtswerkstatt-degerloch.de<\/a><\/span><br \/>\n<\/span><\/span><\/strong><\/span><\/span>_______________________________________________<\/h2>\n<h2><span style=\"color: #000000;\"><strong><span style=\"font-size: 18pt;\">Am 09.03.2019 wurde die &#8222;Werkstatt Geschichte&#8220; offiziell er\u00f6ffnet<\/span><\/strong><\/span><\/h2>\n<div>\n<p><span style=\"font-size: 14pt;\">Herr Doka und Frau Dekanin Vogel-Hinrichs als Hausherrin sprachen ein paar Begr\u00fc\u00dfungsworte und es wurde zu Sekt und Selters, Hefezopf und Brezeln angeregt geplaudert. Dann erl\u00e4uterten Albert Raff und Helmut Doka das ber\u00fchmte Foto der damals lebenden Degerlocher Wengerter, das &#8222;Herbstbild von 1868&#8220;<\/span>.<\/p>\n<p><span style=\"font-size: 14pt;\"><strong><a href=\"https:\/\/youtu.be\/gZDdhMvAVoo\" target=\"_blank\" rel=\"noopener\">\u21d2 zum Video mit den Er\u00f6ffnungsreden<\/a><\/strong> (youtube)<\/span><\/p>\n<\/div>\n","protected":false},"excerpt":{"rendered":"<p>im Alten Dekanat, Gro\u00dfe Falterstr. 4, 70597 Stuttgart-Degerloch Ge\u00f6ffnet am 1. Samstag im Monat von 9 bis 12 Uhr oder nach Voranmeldung unter info@geschichtswerkstatt-degerloch.de _______________________________________________ Am 09.03.2019 wurde die &#8222;Werkstatt Geschichte&#8220; offiziell er\u00f6ffnet Herr Doka und Frau Dekanin Vogel-Hinrichs als Hausherrin sprachen ein paar Begr\u00fc\u00dfungsworte und es wurde zu Sekt und Selters, Hefezopf und Brezeln angeregt geplaudert. Dann erl\u00e4uterten Albert Raff und Helmut Doka das ber\u00fchmte Foto der damals lebenden&hellip;<\/p>\n","protected":false},"author":1,"featured_media":0,"parent":0,"menu_order":0,"comment_status":"closed","ping_status":"closed","template":"","meta":{"footnotes":""},"class_list":["post-73","page","type-page","status-publish","hentry","no-post-thumbnail"],"_links":{"self":[{"href":"https:\/\/geschichtswerkstatt-degerloch.de\/aktuelles\/wp-json\/wp\/v2\/pages\/73","targetHints":{"allow":["GET"]}}],"collection":[{"href":"https:\/\/geschichtswerkstatt-degerloch.de\/aktuelles\/wp-json\/wp\/v2\/pages"}],"about":[{"href":"https:\/\/geschichtswerkstatt-degerloch.de\/aktuelles\/wp-json\/wp\/v2\/types\/page"}],"author":[{"embeddable":true,"href":"https:\/\/geschichtswerkstatt-degerloch.de\/aktuelles\/wp-json\/wp\/v2\/users\/1"}],"replies":[{"embeddable":true,"href":"https:\/\/geschichtswerkstatt-degerloch.de\/aktuelles\/wp-json\/wp\/v2\/comments?post=73"}],"version-history":[{"count":51,"href":"https:\/\/geschichtswerkstatt-degerloch.de\/aktuelles\/wp-json\/wp\/v2\/pages\/73\/revisions"}],"predecessor-version":[{"id":1347,"href":"https:\/\/geschichtswerkstatt-degerloch.de\/aktuelles\/wp-json\/wp\/v2\/pages\/73\/revisions\/1347"}],"wp:attachment":[{"href":"https:\/\/geschichtswerkstatt-degerloch.de\/aktuelles\/wp-json\/wp\/v2\/media?parent=73"}],"curies":[{"name":"wp","href":"https:\/\/api.w.org\/{rel}","templated":true}]}}

<p><span style="font-size: 14pt; color: #000000;">im Alten Dekanat, Große Falterstr. 4, 70597 Stuttgart-Degerloch</span></p>
<p><img loading="lazy" decoding="async" class="alignnone size-medium wp-image-182" src="https://geschichtswerkstatt-degerloch.de/wp-content/uploads/2018/12/Dekanat_Front-300x200.jpg" alt="" width="300" height="200" srcset="https://geschichtswerkstatt-degerloch.de/wp-content/uploads/2018/12/Dekanat_Front-300x200.jpg 300w, https://geschichtswerkstatt-degerloch.de/wp-content/uploads/2018/12/Dekanat_Front-768x512.jpg 768w, https://geschichtswerkstatt-degerloch.de/wp-content/uploads/2018/12/Dekanat_Front-1024x683.jpg 1024w, https://geschichtswerkstatt-degerloch.de/wp-content/uploads/2018/12/Dekanat_Front.jpg 1368w" sizes="auto, (max-width: 300px) 100vw, 300px" /></p>
<h2><span style="color: #0000ff; font-size: 14pt;"><strong>Geöffnet am 1. Samstag im Monat <span style="color: #0000ff;">von 9 bis 12 Uhr<br />
</span></strong></span><span style="font-size: 14pt;"><span style="color: #0000ff;"><strong><span style="color: #0000ff;">oder nach Voranmeldung unter </span><span style="text-decoration: underline; color: #808080;"><span style="text-decoration: underline;"><span style="color: #333333;"><a style="color: #333333; text-decoration: underline;" href="mailto:info@geschichtswerkstatt-degerloch.de">info@geschichtswerkstatt-degerloch.de</a></span><br />
</span></span></strong></span></span>_______________________________________________</h2>
<h2><span style="color: #000000;"><strong><span style="font-size: 18pt;">Am 09.03.2019 wurde die &#8222;Werkstatt Geschichte&#8220; offiziell eröffnet</span></strong></span></h2>
<div>
<p><span style="font-size: 14pt;">Herr Doka und Frau Dekanin Vogel-Hinrichs als Hausherrin sprachen ein paar Begrüßungsworte und es wurde zu Sekt und Selters, Hefezopf und Brezeln angeregt geplaudert. Dann erläuterten Albert Raff und Helmut Doka das berühmte Foto der damals lebenden Degerlocher Wengerter, das &#8222;Herbstbild von 1868&#8220;</span>.</p>
<p><span style="font-size: 14pt;"><strong><a href="https://youtu.be/gZDdhMvAVoo" target="_blank" rel="noopener">⇒ zum Video mit den Eröffnungsreden</a></strong> (youtube)</span></p>
</div>

<p>im Alten Dekanat, Große Falterstr. 4, 70597 Stuttgart-Degerloch Geöffnet am 1. Samstag im Monat von 9 bis 12 Uhr oder nach Voranmeldung unter info@geschichtswerkstatt-degerloch.de _______________________________________________ Am 09.03.2019 wurde die &#8222;Werkstatt Geschichte&#8220; offiziell eröffnet Herr Doka und Frau Dekanin Vogel-Hinrichs als Hausherrin sprachen ein paar Begrüßungsworte und es wurde zu Sekt und Selters, Hefezopf und Brezeln angeregt geplaudert. Dann erläuterten Albert Raff und Helmut Doka das berühmte Foto der damals lebenden&hellip;</p>
