{"id":612,"date":"2020-03-29T14:27:19","date_gmt":"2020-03-29T14:27:19","guid":{"rendered":"https:\/\/geschichtswerkstatt-degerloch.de\/?page_id=612"},"modified":"2026-04-23T09:47:09","modified_gmt":"2026-04-23T09:47:09","slug":"aktuelles","status":"publish","type":"page","link":"https:\/\/geschichtswerkstatt-degerloch.de\/aktuelles\/","title":{"rendered":"Aktuell"},"content":{"rendered":"<h3><span style=\"color: #b31212;\"><strong><span class=\"has-inline-color\">\u00d6ffnungszeiten der &#8222;Werkstatt&#8220; im Alten Dekanat<\/span><\/strong><\/span><\/h3>\n<h3><span style=\"font-size: 12pt;\"><strong>Jeden 1. Samstag im Monat von 9 bis 12 Uhr:<\/strong><\/span><\/h3>\n<h3><strong><span style=\"font-size: 16px; color: #333333;\">02.05. \/ 06.06. \/ 04.07. \/ 01.08. \/ 05.09. \/ 03.10. \/ 07.11. \/ 05.12.<\/span><\/strong><\/h3>\n<h3><span style=\"font-size: 12pt;\"><strong>oder nach Voranmeldung unter<span style=\"text-decoration: underline;\"> <span style=\"color: #3366ff; text-decoration: underline;\"><a style=\"color: #3366ff; text-decoration: underline;\" href=\"mailto:info@geschichtswerkstatt-degerloch.de\" target=\"_blank\" rel=\"noreferrer noopener\"><span class=\"has-inline-color\">info@geschichtswerkstatt-degerloch.de<\/span><\/a><\/span><\/span><\/strong><\/span><\/h3>\n<h3>_________________________________________________________________<\/h3>\n<h3><span style=\"color: #b31212;\"><strong>Stammtisch f\u00fcr Mitglieder und Neugierige<\/strong><\/span><\/h3>\n<h3><span style=\"font-size: 12pt;\"><strong>Jeden 1. Dienstag im Monat um 19 Uhr <\/strong><\/span><span style=\"font-size: 12pt;\"><strong>bei Onkel Hasan&#8217;s Grillhaus, L\u00f6wenstr. 42A, 70597 Stuttgart<\/strong><\/span><\/h3>\n<h3><span style=\"font-size: 14pt; color: #333333;\"><strong><span style=\"font-size: 12pt;\">2026: 05.05. \/ 02.06. \/ 07.07. \/ 04.08. \/ 01.09. \/ 06.10. \/ 03.11. \/ 01.12.<\/span><\/strong><\/span><\/h3>\n<h3><span style=\"font-size: 14pt;\"><strong><span style=\"color: #3366ff;\">Wir freuen uns auf Sie!<\/span><\/strong><\/span><\/h3>\n<strong>_____________________________________________________________________________<\/strong>\n<h3><strong><span style=\"color: #b31218;\">Ausstellung im Bezirksrathaus Degerloch<\/span><\/strong><\/h3>\n<h3><span style=\"color: #b31218;\"><strong>16.04. bis 08.06.2026<\/strong><\/span><\/h3>\n<p style=\"text-align: left;\"><strong>Mo: 8.15 &#8211; 12.30 Uhr \/\u00a0<\/strong><strong>Di:\u00a0 8.15 &#8211; 12.30 und 14 &#8211; 16 Uhr<\/strong><\/p>\n<p style=\"text-align: left;\"><strong>Mi:\u00a0 8.15 &#8211; 12.30 Uhr \/ <\/strong><strong>Do: 9 &#8211; 12.30 und 14 &#8211; 18 Uhr \/\u00a0<\/strong><strong>Fr:\u00a0 8.15 &#8211; 12.30 Uhr<\/strong><\/p>\n<img loading=\"lazy\" decoding=\"async\" class=\"wp-image-2055 alignleft\" src=\"https:\/\/geschichtswerkstatt-degerloch.de\/wp-content\/uploads\/2026\/04\/Plakat_Opfer-der-NS_neu-205x300.jpg\" alt=\"\" width=\"491\" height=\"719\" srcset=\"https:\/\/geschichtswerkstatt-degerloch.de\/wp-content\/uploads\/2026\/04\/Plakat_Opfer-der-NS_neu-205x300.jpg 205w, https:\/\/geschichtswerkstatt-degerloch.de\/wp-content\/uploads\/2026\/04\/Plakat_Opfer-der-NS_neu-699x1024.jpg 699w, https:\/\/geschichtswerkstatt-degerloch.de\/wp-content\/uploads\/2026\/04\/Plakat_Opfer-der-NS_neu-768x1125.jpg 768w, https:\/\/geschichtswerkstatt-degerloch.de\/wp-content\/uploads\/2026\/04\/Plakat_Opfer-der-NS_neu.jpg 986w\" sizes=\"auto, (max-width: 491px) 100vw, 491px\" \/>\n\n&nbsp;\n\n&nbsp;\n\n&nbsp;\n\n&nbsp;\n\n&nbsp;\n\n&nbsp;\n\n&nbsp;\n\n&nbsp;\n\n&nbsp;\n\n&nbsp;\n\n&nbsp;\n\n&nbsp;\n\n&nbsp;\n\n&nbsp;\n\n&nbsp;\n\n&nbsp;\n\n&nbsp;\n\n&nbsp;\n\n&nbsp;\n\n<strong>____________________________________________________________________________<\/strong>\n<h3><strong><span style=\"color: #b31218;\">Am 19.05.2026 um 8.30 Uhr<\/span><\/strong><\/h3>\n<h3><strong><span style=\"color: #b31218;\">Verlegung einer Stolperschwelle <\/span><\/strong><strong><span style=\"color: #b31218;\">auf dem Dornhaldenfriedhof\n<\/span><\/strong><\/h3>\n<strong><span style=\"font-size: 14pt;\">GPS-Daten Treffpunkt: 48.7534 \/ 9.1560<\/span><\/strong>\n<h3><img loading=\"lazy\" decoding=\"async\" class=\"wp-image-2076 alignleft\" src=\"https:\/\/geschichtswerkstatt-degerloch.de\/wp-content\/uploads\/2026\/04\/Plakat_fuer_Stolperschwelle_NEU-222x300.jpg\" alt=\"\" width=\"564\" height=\"762\" srcset=\"https:\/\/geschichtswerkstatt-degerloch.de\/wp-content\/uploads\/2026\/04\/Plakat_fuer_Stolperschwelle_NEU-222x300.jpg 222w, https:\/\/geschichtswerkstatt-degerloch.de\/wp-content\/uploads\/2026\/04\/Plakat_fuer_Stolperschwelle_NEU-758x1024.jpg 758w, https:\/\/geschichtswerkstatt-degerloch.de\/wp-content\/uploads\/2026\/04\/Plakat_fuer_Stolperschwelle_NEU-768x1038.jpg 768w, https:\/\/geschichtswerkstatt-degerloch.de\/wp-content\/uploads\/2026\/04\/Plakat_fuer_Stolperschwelle_NEU.jpg 1082w\" sizes=\"auto, (max-width: 564px) 100vw, 564px\" \/><\/h3>\n&nbsp;\n\n&nbsp;\n\n&nbsp;\n\n&nbsp;\n\n&nbsp;\n\n&nbsp;\n\n&nbsp;\n\n&nbsp;\n\n&nbsp;\n\n&nbsp;\n\n&nbsp;\n\n&nbsp;\n\n&nbsp;\n\n&nbsp;\n\n&nbsp;\n\n&nbsp;\n\n&nbsp;\n\n&nbsp;\n\n&nbsp;\n\n&nbsp;\n\n<strong>______________________________________________________________________________<\/strong>\n<h3><strong><span style=\"color: #b31212;\">Die Michaelskirche Degerloch &#8211; Wiederentdeckte Pl\u00e4ne des Christian F. Leins als Quellen der Baugeschichte<\/span><\/strong><\/h3>\n<h3><strong><span style=\"color: #b31212;\">von Judith Breuer\n<\/span><\/strong><\/h3>\n<img loading=\"lazy\" decoding=\"async\" class=\"wp-image-1925 alignleft\" src=\"https:\/\/geschichtswerkstatt-degerloch.de\/wp-content\/uploads\/2025\/09\/Bild_Buchvorstellung-223x300.jpg\" alt=\"\" width=\"191\" height=\"256\" srcset=\"https:\/\/geschichtswerkstatt-degerloch.de\/wp-content\/uploads\/2025\/09\/Bild_Buchvorstellung-223x300.jpg 223w, https:\/\/geschichtswerkstatt-degerloch.de\/wp-content\/uploads\/2025\/09\/Bild_Buchvorstellung.jpg 559w\" sizes=\"auto, (max-width: 191px) 100vw, 191px\" \/>\n\n<span style=\"font-size: 12pt;\">Die Kunsthistorikerin\u00a0<\/span>und Denkmalpflegerin Dr. Judith Breuer hat ein Buch \u00fcber die Baugeschichte der Degerlocher Hauptkirche von etwa 1350 bis heute geschrieben. Das gr\u00fcndlich recherchierte Werk hat DinA4-Format, umfasst 95 Seiten und 89 meist farbige Abbildungen. Im Besonderen ausgewertet sind darin die wiederentdeckten teils aquarellierten Pl\u00e4ne des B\u00fcros Leins von 1863, einmal mit einer Bauaufnahme der Vorg\u00e4ngerkirche und zum anderen mit der damaligen Umbauplanung. Die Pl\u00e4ne sind in der Ver\u00f6ffentlichung jeweils seitenf\u00fcllend abgebildet.\n<h5><strong><span style=\"color: #000000; font-size: 12pt;\">95 Seiten, 86 meist farbige Abbildungen,\u00a015 Euro<\/span><\/strong><\/h5>\n&nbsp;\n<h5><span style=\"color: #800000; font-size: 12pt;\"><strong>=&gt; Erh\u00e4ltlich zu den \u00d6ffnungszeiten in der Geschichtswerkstatt <\/strong><\/span><\/h5>\n<h5><span style=\"font-size: 12pt;\"><span style=\"color: #800000;\"><strong>=&gt; Versand (zzgl. Porto)<\/strong><\/span><span style=\"color: #000000;\"> \u00fcber <\/span><span style=\"color: #0000ff;\">Antiquariat Heinzelm\u00e4nnchen,\u00a0<\/span><span style=\"color: #000000;\">Tel. 0711\u00a0 76 513 82, Mail: <em><a style=\"color: #000000;\" href=\"mailto:heinzelmannbuch@t-online.de\"><span style=\"text-decoration: underline;\">heinzelmannbuch@t-online.de<\/span><\/a><\/em><\/span><\/span><\/h5>\n<p style=\"text-align: left;\"><strong>_____________________________________________________________________________<\/strong><\/p>\n\n<h3><strong><span style=\"color: #b31212;\">20. Tag der Stadtgeschichte 2025<\/span><\/strong><\/h3>\n<h3><span style=\"font-size: 14pt;\"><strong><span style=\"color: #b31212;\">\u201eDrau\u00dfenkunst. \u00d6ffentliche Werke und Denkm\u00e4ler in Stuttgart\u201c<\/span><\/strong><\/span><\/h3>\n<h3><span style=\"font-size: 12pt;\"><strong><span style=\"color: #b31212;\">Berichte und Vortr\u00e4ge aus den Stadtbezirken <\/span><\/strong><\/span><\/h3>\n<h3><span style=\"font-size: 12pt;\"><strong><span style=\"color: #b31212;\">Samstag, 08.11.2025, 13 bis 17 Uhr<\/span><\/strong><\/span><\/h3>\n<h3><span style=\"font-size: 12pt;\"><strong><span style=\"color: #b31212;\">im Stadtarchiv Stuttgart, Bellingweg 21 70372 Stuttgart <\/span><\/strong><\/span><\/h3>\n<h3><span style=\"font-size: 12pt;\"><strong><span style=\"color: #b31212;\">Flyer <\/span><\/strong><a href=\"https:\/\/ags-s.de\/wp-content\/uploads\/2025\/08\/Flyer-TdS-2025.pdf\"><strong>hier<\/strong><\/a><\/span><\/h3>\n<strong>_____________________________________________________________________________<\/strong>\n\n<!-- \/wp:post-content -->\n\n<!-- wp:heading {\"level\":3} -->\n<h3 class=\"wp-block-heading\"><span class=\"has-inline-color has-vivid-red-color\"><strong>G<\/strong><\/span><span class=\"has-inline-color\" style=\"color: #b31212;\"><strong>WD virtuell &#8211; unsere Videos auf &#8222;Degerloch TV&#8220;!<\/strong> <\/span><\/h3>\n<!-- \/wp:heading -->\n\n<!-- wp:heading {\"level\":4} -->\n<h4 class=\"wp-block-heading\"><strong>=&gt; <span style=\"text-decoration: underline;\"><span style=\"color: #0000ff; text-decoration: underline;\"><a style=\"color: #0000ff; text-decoration: underline;\" href=\"https:\/\/www.youtube.com\/@degerlochtv8844\/videos\" target=\"_blank\" rel=\"noreferrer noopener\"><span class=\"has-inline-color\">hier geht&#8217;s lang<\/span><\/a><\/span><\/span><\/strong><\/h4>\n<!-- \/wp:heading -->\n\n<!-- wp:paragraph -->\n\n<strong>_____________________________________________________________________________<\/strong>\n\n<!-- \/wp:paragraph -->","protected":false},"excerpt":{"rendered":"<p>\u00d6ffnungszeiten der &#8222;Werkstatt&#8220; im Alten Dekanat Jeden 1. Samstag im Monat von 9 bis 12 Uhr: 02.05. \/ 06.06. \/ 04.07. \/ 01.08. \/ 05.09. \/ 03.10. \/ 07.11. \/ 05.12. oder nach Voranmeldung unter info@geschichtswerkstatt-degerloch.de _________________________________________________________________ Stammtisch f\u00fcr Mitglieder und Neugierige Jeden 1. Dienstag im Monat um 19 Uhr bei Onkel Hasan&#8217;s Grillhaus, L\u00f6wenstr. 42A, 70597 Stuttgart 2026: 05.05. \/ 02.06. \/ 07.07. \/ 04.08. \/ 01.09. \/ 06.10.&hellip;<\/p>\n","protected":false},"author":1,"featured_media":0,"parent":0,"menu_order":0,"comment_status":"closed","ping_status":"closed","template":"","meta":{"footnotes":""},"class_list":["post-612","page","type-page","status-publish","hentry","no-post-thumbnail"],"_links":{"self":[{"href":"https:\/\/geschichtswerkstatt-degerloch.de\/aktuelles\/wp-json\/wp\/v2\/pages\/612","targetHints":{"allow":["GET"]}}],"collection":[{"href":"https:\/\/geschichtswerkstatt-degerloch.de\/aktuelles\/wp-json\/wp\/v2\/pages"}],"about":[{"href":"https:\/\/geschichtswerkstatt-degerloch.de\/aktuelles\/wp-json\/wp\/v2\/types\/page"}],"author":[{"embeddable":true,"href":"https:\/\/geschichtswerkstatt-degerloch.de\/aktuelles\/wp-json\/wp\/v2\/users\/1"}],"replies":[{"embeddable":true,"href":"https:\/\/geschichtswerkstatt-degerloch.de\/aktuelles\/wp-json\/wp\/v2\/comments?post=612"}],"version-history":[{"count":738,"href":"https:\/\/geschichtswerkstatt-degerloch.de\/aktuelles\/wp-json\/wp\/v2\/pages\/612\/revisions"}],"predecessor-version":[{"id":2093,"href":"https:\/\/geschichtswerkstatt-degerloch.de\/aktuelles\/wp-json\/wp\/v2\/pages\/612\/revisions\/2093"}],"wp:attachment":[{"href":"https:\/\/geschichtswerkstatt-degerloch.de\/aktuelles\/wp-json\/wp\/v2\/media?parent=612"}],"curies":[{"name":"wp","href":"https:\/\/api.w.org\/{rel}","templated":true}]}}