{"id":39,"date":"2018-11-28T20:31:34","date_gmt":"2018-11-28T20:31:34","guid":{"rendered":"http:\/\/s405190592.online.de\/?page_id=39"},"modified":"2026-04-12T13:25:43","modified_gmt":"2026-04-12T13:25:43","slug":"wir-ueber-uns","status":"publish","type":"page","link":"https:\/\/geschichtswerkstatt-degerloch.de\/aktuelles\/wir-ueber-uns","title":{"rendered":"Wir \u00fcber uns"},"content":{"rendered":"<h3><span style=\"color: #800000;\"><strong>Vorstand neu gew\u00e4hlt<\/strong><\/span><\/h3>\n<p><span style=\"color: #333333; font-size: 12pt;\">Die Vorstandswahlen am 24.04.2024 bzw. am 10.04.2025 haben folgende Ver\u00e4nderungen gebracht:<\/span><\/p>\n<p><span style=\"color: #333333; font-size: 12pt;\">1. Vorsitzender: Helmut Doka<\/span><br \/>\n<span style=\"color: #333333; font-size: 12pt;\">2. Vorsitzende: Michael K\u00f6stler<\/span><br \/>\n<span style=\"color: #333333; font-size: 12pt;\">Kassier: Eberhard Weiss<br \/>\nSchriftf\u00fchrer: Thomas Zachmann<\/span><br \/>\n<span style=\"color: #333333; font-size: 12pt;\">Beisitzer: Dr. Elfriede Grunow-Osswald und Wilfried Seuberth<\/span><\/p>\n<p>______________________________________________________________________________<\/p>\n<h3><a href=\"https:\/\/geschichtswerkstatt-degerloch.de\/wp-content\/uploads\/2026\/04\/Mitgliedsantrag-GWD_NEU.pdf\"><strong><span style=\"color: #800000;\">Formular zum Vereinsbeitritt\u00a0<\/span><\/strong><\/a><\/h3>\n<h3><span style=\"color: #800000;\"><a style=\"color: #800000;\" href=\"https:\/\/geschichtswerkstatt-degerloch.de\/wp-content\/uploads\/2025\/01\/Satzung_GWD.pdf\"><strong>Satzung der GWD<\/strong><\/a><\/span><\/h3>\n<p>______________________________________________________________________________<\/p>\n<h3><span style=\"color: #800000;\"><strong>Die Geschichte der Geschichtswerkstatt<\/strong><\/span><\/h3>\n<p><span style=\"font-size: 12pt;\">Die Geschichtswerkstatt Degerloch wurde am 11.10.2011 als gemeinn\u00fctziger Verein gegr\u00fcndet. <\/span><\/p>\n<p><span style=\"font-size: 12pt;\">Sie ging aus dem<strong><span style=\"color: #800000;\"> &#8222;Arbeitskreis Degerloch 1900&#8220; <\/span><\/strong>hervor, der sich f\u00fcr den Erhalt des alten Gaswerkes in Degerloch einsetzte.<\/span><\/p>\n<p><span style=\"font-size: 12pt;\">Neben der Erforschung und Dokumentation der Ortsgeschichte ist ein wichtiges Ziel die Pflege und Erhaltung des historischen Ortsbildes. F\u00fchrungen, Seminare etc. sollen die Ortsgeschichte f\u00fcr die interessierte B\u00fcrgerschaft lebendig werden lassen. In Zusammenarbeit mit Schulen und anderen Einrichtungen sollen geschichtliche Themen aufgearbeitet und dargestellt werden.<\/span><\/p>\n<p><span style=\"font-size: 12pt;\">Langfristig ist die Einrichtung eines Museums geplant und wir haben jetzt mitten im Degerlocher Ortskern im <a href=\"https:\/\/geschichtswerkstatt-degerloch.de\/unsere-werkstatt\" target=\"_blank\" rel=\"noopener\"><strong><span style=\"color: #800000;\">\u21d2 Alten Dekanatsgeb\u00e4ude<\/span><\/strong><\/a> eine einmalige Chance daf\u00fcr!<\/span><\/p>\n<p>______________________________________________________________________________<\/p>\n<h3><strong><span style=\"color: #800000;\">09.03.2019: Offizielle Er\u00f6ffnung der &#8222;Werkstatt Geschichte&#8220;<\/span><\/strong><\/h3>\n<div>\n<p><span style=\"font-size: 12pt;\">Herr Doka und Frau Dekanin Vogel-Hinrichs als Hausherrin sprachen ein paar Begr\u00fc\u00dfungsworte und es wurde zu Sekt und Selters, Hefezopf und Brezeln angeregt geplaudert. Dann erl\u00e4uterten Albert Raff und Helmut Doka das ber\u00fchmte Foto der damals lebenden Degerlocher Wengerter, das &#8222;Herbstbild von 1868&#8220;.<\/span><\/p>\n<p><strong><a href=\"https:\/\/youtu.be\/gZDdhMvAVoo\" target=\"_blank\" rel=\"noopener\"><span style=\"font-size: 14pt;\">\u21d2 Video mit den Er\u00f6ffnungsreden<\/span><\/a><\/strong> (youtube)<\/p>\n<\/div>\n<hr \/>\n<h3><span style=\"font-size: 18pt; color: #800000;\"><strong>Kontakt<\/strong><\/span><\/h3>\n<hr \/>\n<div><span style=\"font-size: 12pt;\">Geschichtswerkstatt Degerloch e.V., Gro\u00dfe Falterstr. 4, 70597 Stuttgart<\/span><\/div>\n<div>\n<p><span style=\"font-size: 12pt;\">eMail: <a href=\"mailto:info@geschichtswerkstatt-degerloch.de\" target=\"_blank\" rel=\"noopener\"><span style=\"color: #800000;\">info@geschichtswerkstatt-degerloch.de<\/span><\/a><\/span><\/p>\n<p><span style=\"font-size: 12pt;\"><strong>1. Vorsitzender:<\/strong><br \/>\nHelmut Doka, Tel. 0711 \/ 765 72 87<br \/>\n<\/span><\/p>\n<p><span style=\"font-size: 12pt;\"><strong>2. Vorsitzende:<\/strong><br \/>\nMichael K\u00f6stler, Tel. 0711 \/ 765 17 28<\/span><\/p>\n<p><span style=\"font-size: 12pt;\"><strong>Mitgliederverwaltung, Kasse und Spenden:<\/strong><br \/>\nEberhard Weiss, Agnesstr. 1, 70597 Stuttgart, Tel. 0711 \/ 765 11 78<\/span><\/p>\n<p><span style=\"font-size: 14pt;\"><span style=\"font-size: 12pt;\"><strong>Spendenkonto:<br \/>\n<\/strong>GWD, IBAN: DE79 6009 0100 0173 9830 06,<\/span><br \/>\n<span style=\"font-size: 12pt;\">BIC: VOBADESS, Stuttgarter VB<\/span><strong><br \/>\n<\/strong><\/span><\/p>\n<\/div>\n","protected":false},"excerpt":{"rendered":"<p>Vorstand neu gew\u00e4hlt Die Vorstandswahlen am 24.04.2024 bzw. am 10.04.2025 haben folgende Ver\u00e4nderungen gebracht: 1. Vorsitzender: Helmut Doka 2. Vorsitzende: Michael K\u00f6stler Kassier: Eberhard Weiss Schriftf\u00fchrer: Thomas Zachmann Beisitzer: Dr. Elfriede Grunow-Osswald und Wilfried Seuberth ______________________________________________________________________________ Formular zum Vereinsbeitritt\u00a0 Satzung der GWD ______________________________________________________________________________ Die Geschichte der Geschichtswerkstatt Die Geschichtswerkstatt Degerloch wurde am 11.10.2011 als gemeinn\u00fctziger Verein gegr\u00fcndet. Sie ging aus dem &#8222;Arbeitskreis Degerloch 1900&#8220; hervor, der sich f\u00fcr den Erhalt&hellip;<\/p>\n","protected":false},"author":1,"featured_media":0,"parent":0,"menu_order":0,"comment_status":"closed","ping_status":"closed","template":"","meta":{"footnotes":""},"class_list":["post-39","page","type-page","status-publish","hentry","no-post-thumbnail"],"_links":{"self":[{"href":"https:\/\/geschichtswerkstatt-degerloch.de\/aktuelles\/wp-json\/wp\/v2\/pages\/39","targetHints":{"allow":["GET"]}}],"collection":[{"href":"https:\/\/geschichtswerkstatt-degerloch.de\/aktuelles\/wp-json\/wp\/v2\/pages"}],"about":[{"href":"https:\/\/geschichtswerkstatt-degerloch.de\/aktuelles\/wp-json\/wp\/v2\/types\/page"}],"author":[{"embeddable":true,"href":"https:\/\/geschichtswerkstatt-degerloch.de\/aktuelles\/wp-json\/wp\/v2\/users\/1"}],"replies":[{"embeddable":true,"href":"https:\/\/geschichtswerkstatt-degerloch.de\/aktuelles\/wp-json\/wp\/v2\/comments?post=39"}],"version-history":[{"count":71,"href":"https:\/\/geschichtswerkstatt-degerloch.de\/aktuelles\/wp-json\/wp\/v2\/pages\/39\/revisions"}],"predecessor-version":[{"id":2058,"href":"https:\/\/geschichtswerkstatt-degerloch.de\/aktuelles\/wp-json\/wp\/v2\/pages\/39\/revisions\/2058"}],"wp:attachment":[{"href":"https:\/\/geschichtswerkstatt-degerloch.de\/aktuelles\/wp-json\/wp\/v2\/media?parent=39"}],"curies":[{"name":"wp","href":"https:\/\/api.w.org\/{rel}","templated":true}]}}

Wir über uns

<h3><span style="color: #800000;"><strong>Vorstand neu gewählt</strong></span></h3>
<p><span style="color: #333333; font-size: 12pt;">Die Vorstandswahlen am 24.04.2024 bzw. am 10.04.2025 haben folgende Veränderungen gebracht:</span></p>
<p><span style="color: #333333; font-size: 12pt;">1. Vorsitzender: Helmut Doka</span><br />
<span style="color: #333333; font-size: 12pt;">2. Vorsitzende: Michael Köstler</span><br />
<span style="color: #333333; font-size: 12pt;">Kassier: Eberhard Weiss<br />
Schriftführer: Thomas Zachmann</span><br />
<span style="color: #333333; font-size: 12pt;">Beisitzer: Dr. Elfriede Grunow-Osswald und Wilfried Seuberth</span></p>
<p>______________________________________________________________________________</p>
<h3><a href="https://geschichtswerkstatt-degerloch.de/wp-content/uploads/2026/04/Mitgliedsantrag-GWD_NEU.pdf"><strong><span style="color: #800000;">Formular zum Vereinsbeitritt </span></strong></a></h3>
<h3><span style="color: #800000;"><a style="color: #800000;" href="https://geschichtswerkstatt-degerloch.de/wp-content/uploads/2025/01/Satzung_GWD.pdf"><strong>Satzung der GWD</strong></a></span></h3>
<p>______________________________________________________________________________</p>
<h3><span style="color: #800000;"><strong>Die Geschichte der Geschichtswerkstatt</strong></span></h3>
<p><span style="font-size: 12pt;">Die Geschichtswerkstatt Degerloch wurde am 11.10.2011 als gemeinnütziger Verein gegründet. </span></p>
<p><span style="font-size: 12pt;">Sie ging aus dem<strong><span style="color: #800000;"> &#8222;Arbeitskreis Degerloch 1900&#8220; </span></strong>hervor, der sich für den Erhalt des alten Gaswerkes in Degerloch einsetzte.</span></p>
<p><span style="font-size: 12pt;">Neben der Erforschung und Dokumentation der Ortsgeschichte ist ein wichtiges Ziel die Pflege und Erhaltung des historischen Ortsbildes. Führungen, Seminare etc. sollen die Ortsgeschichte für die interessierte Bürgerschaft lebendig werden lassen. In Zusammenarbeit mit Schulen und anderen Einrichtungen sollen geschichtliche Themen aufgearbeitet und dargestellt werden.</span></p>
<p><span style="font-size: 12pt;">Langfristig ist die Einrichtung eines Museums geplant und wir haben jetzt mitten im Degerlocher Ortskern im <a href="https://geschichtswerkstatt-degerloch.de/unsere-werkstatt" target="_blank" rel="noopener"><strong><span style="color: #800000;">⇒ Alten Dekanatsgebäude</span></strong></a> eine einmalige Chance dafür!</span></p>
<p>______________________________________________________________________________</p>
<h3><strong><span style="color: #800000;">09.03.2019: Offizielle Eröffnung der &#8222;Werkstatt Geschichte&#8220;</span></strong></h3>
<div>
<p><span style="font-size: 12pt;">Herr Doka und Frau Dekanin Vogel-Hinrichs als Hausherrin sprachen ein paar Begrüßungsworte und es wurde zu Sekt und Selters, Hefezopf und Brezeln angeregt geplaudert. Dann erläuterten Albert Raff und Helmut Doka das berühmte Foto der damals lebenden Degerlocher Wengerter, das &#8222;Herbstbild von 1868&#8220;.</span></p>
<p><strong><a href="https://youtu.be/gZDdhMvAVoo" target="_blank" rel="noopener"><span style="font-size: 14pt;">⇒ Video mit den Eröffnungsreden</span></a></strong> (youtube)</p>
</div>
<hr />
<h3><span style="font-size: 18pt; color: #800000;"><strong>Kontakt</strong></span></h3>
<hr />
<div><span style="font-size: 12pt;">Geschichtswerkstatt Degerloch e.V., Große Falterstr. 4, 70597 Stuttgart</span></div>
<div>
<p><span style="font-size: 12pt;">eMail: <a href="mailto:info@geschichtswerkstatt-degerloch.de" target="_blank" rel="noopener"><span style="color: #800000;">info@geschichtswerkstatt-degerloch.de</span></a></span></p>
<p><span style="font-size: 12pt;"><strong>1. Vorsitzender:</strong><br />
Helmut Doka, Tel. 0711 / 765 72 87<br />
</span></p>
<p><span style="font-size: 12pt;"><strong>2. Vorsitzende:</strong><br />
Michael Köstler, Tel. 0711 / 765 17 28</span></p>
<p><span style="font-size: 12pt;"><strong>Mitgliederverwaltung, Kasse und Spenden:</strong><br />
Eberhard Weiss, Agnesstr. 1, 70597 Stuttgart, Tel. 0711 / 765 11 78</span></p>
<p><span style="font-size: 14pt;"><span style="font-size: 12pt;"><strong>Spendenkonto:<br />
</strong>GWD, IBAN: DE79 6009 0100 0173 9830 06,</span><br />
<span style="font-size: 12pt;">BIC: VOBADESS, Stuttgarter VB</span><strong><br />
</strong></span></p>
</div>

<p>Vorstand neu gewählt Die Vorstandswahlen am 24.04.2024 bzw. am 10.04.2025 haben folgende Veränderungen gebracht: 1. Vorsitzender: Helmut Doka 2. Vorsitzende: Michael Köstler Kassier: Eberhard Weiss Schriftführer: Thomas Zachmann Beisitzer: Dr. Elfriede Grunow-Osswald und Wilfried Seuberth ______________________________________________________________________________ Formular zum Vereinsbeitritt  Satzung der GWD ______________________________________________________________________________ Die Geschichte der Geschichtswerkstatt Die Geschichtswerkstatt Degerloch wurde am 11.10.2011 als gemeinnütziger Verein gegründet. Sie ging aus dem &#8222;Arbeitskreis Degerloch 1900&#8220; hervor, der sich für den Erhalt&hellip;</p>
