{"id":1699,"date":"2025-02-28T11:14:36","date_gmt":"2025-02-28T11:14:36","guid":{"rendered":"https:\/\/geschichtswerkstatt-degerloch.de\/aktuelles\/?page_id=1699"},"modified":"2025-09-29T12:25:24","modified_gmt":"2025-09-29T12:25:24","slug":"bauernkrieg","status":"publish","type":"page","link":"https:\/\/geschichtswerkstatt-degerloch.de\/aktuelles\/bauernkrieg","title":{"rendered":"Bauernkrieg"},"content":{"rendered":"<p>Liebe geschichtsbewusste Mitb\u00fcrger in Degerloch!<\/p>\n<figure id=\"attachment_1817\" aria-describedby=\"caption-attachment-1817\" style=\"width: 378px\" class=\"wp-caption alignright\"><img loading=\"lazy\" decoding=\"async\" class=\"wp-image-1817\" src=\"https:\/\/geschichtswerkstatt-degerloch.de\/wp-content\/uploads\/2025\/05\/Gruppenbild-1024x683.jpg\" alt=\"Ratgeb-Denkmal\" width=\"378\" height=\"252\" srcset=\"https:\/\/geschichtswerkstatt-degerloch.de\/wp-content\/uploads\/2025\/05\/Gruppenbild-1024x683.jpg 1024w, https:\/\/geschichtswerkstatt-degerloch.de\/wp-content\/uploads\/2025\/05\/Gruppenbild-300x200.jpg 300w, https:\/\/geschichtswerkstatt-degerloch.de\/wp-content\/uploads\/2025\/05\/Gruppenbild-768x512.jpg 768w, https:\/\/geschichtswerkstatt-degerloch.de\/wp-content\/uploads\/2025\/05\/Gruppenbild-1536x1024.jpg 1536w, https:\/\/geschichtswerkstatt-degerloch.de\/wp-content\/uploads\/2025\/05\/Gruppenbild.jpg 2048w\" sizes=\"auto, (max-width: 378px) 100vw, 378px\" \/><figcaption id=\"caption-attachment-1817\" class=\"wp-caption-text\">Ratgeb-Denkmal. Von links: Colyn Heinze, Christine Knobloch-Hiller, Dr. Gerhard Raff, Helmut Doka, Uli Gsell. Abbildung mit lesbarem Text unten.<\/figcaption><\/figure>\n<p>Am 4. Mai 2025, auf den Tag genau 500 Jahre, nachdem das Bauernheer in Degerloch lagerte, wurde ein Denkmal zur Erinnerung daran, enth\u00fcllt. Der Gedenkstein wurde von Dr. Gerhard Raff angeregt und gestiftet und in den letzten Jahren von der Geschichtswerkstatt Degerloch vorbereitet. Entworfen und gestaltet wurde das Denkmal von Uli Gsell. Gewidmet ist es Jerg Ratgeb, den\u00a0 Kanzler des Bauernheeres und ber\u00fchmten Meister des Herrenberger Altars Jerg Ratgeb. Denn er war es, der das Bauernheer auf den 4. Mai 1525 nach \u201eTegerloch ob Stuttgarten\u201c zusammenrufen lie\u00df und dort versammelte. Nach etwa 4 Tagen r\u00fcckte es dann ab in Richtung Herrenberg und schlie\u00dflich B\u00f6blingen, wo es am 12. Mai seinen v\u00f6lligen Untergang durch die \u00fcberlegenen S\u00f6ldner des \u201eBauernj\u00f6rg\u201c, Truchsess von Waldburg, erlitt, ein Ereignis, das die deutsche Geschichte pr\u00e4gte wie nur wenige andere historische Vorkommnisse. Wenn man so will, hat damals der \u201eMantel der Geschichte\u201c Degerloch auf sehr d\u00fcstere Weise gestreift.<br \/>Der Bauernkrieg wurde in der Geschichtsschreibung und im Bewusstsein der Deutschen bis heute sehr unterschiedlich bewertet; f\u00fcr die einen waren die aufst\u00e4ndischen Bauernkrieger gottverlassene Rotten von r\u00e4uberischen und m\u00f6rderischen Bauern, andere, darunter viele heutige Historiker, sehen etwa die \u201e12 Artikel\u201c der Bauern als die historische Ankunft der Menschen- und B\u00fcrgerrechte im politischen Prozess, also eine weltpolitisch \u00e4u\u00dferst folgenreiche Weichenstellung. Auch wenn die Bauern damals erst einmal scheiterten, war ihre Formulierung der Menschenrechte von jetzt an in der Welt und befeuerte sowohl die Amerikanische wie die Franz\u00f6sische Revolution \u2013 und die Degerlocher k\u00f6nnen zumindest sagen, sie seien dabei gewesen.<\/p>\n<figure id=\"attachment_1818\" aria-describedby=\"caption-attachment-1818\" style=\"width: 660px\" class=\"wp-caption alignnone\"><img loading=\"lazy\" decoding=\"async\" class=\"wp-image-1818 size-large\" src=\"https:\/\/geschichtswerkstatt-degerloch.de\/wp-content\/uploads\/2025\/05\/Enthuellung-1024x683.jpg\" alt=\"Denkmalenth\u00fcllung\" width=\"660\" height=\"440\" srcset=\"https:\/\/geschichtswerkstatt-degerloch.de\/wp-content\/uploads\/2025\/05\/Enthuellung-1024x683.jpg 1024w, https:\/\/geschichtswerkstatt-degerloch.de\/wp-content\/uploads\/2025\/05\/Enthuellung-300x200.jpg 300w, https:\/\/geschichtswerkstatt-degerloch.de\/wp-content\/uploads\/2025\/05\/Enthuellung-768x512.jpg 768w, https:\/\/geschichtswerkstatt-degerloch.de\/wp-content\/uploads\/2025\/05\/Enthuellung-1536x1024.jpg 1536w, https:\/\/geschichtswerkstatt-degerloch.de\/wp-content\/uploads\/2025\/05\/Enthuellung.jpg 2048w\" sizes=\"auto, (max-width: 660px) 100vw, 660px\" \/><figcaption id=\"caption-attachment-1818\" class=\"wp-caption-text\">Am 4. Mai 2025 wurde das Ratgeb-Denkmal durch Colyn Heinze und Uli Gsell mit Unterst\u00fctzung enth\u00fcllt.<\/figcaption><\/figure>\n<p>Siehe auch das <a href=\"https:\/\/www.youtube.com\/watch?v=9GkizC98zk8\">Video von Michael K\u00f6stler (GWD)<\/a> von der Enth\u00fcllung<\/p>\n<p>und den <a href=\"https:\/\/www.degerloch.info\/files\/DEGERLOCH\/DJ-PDF\/degerloch-journal_2025_19.pdf\">Artikel im Degerloch Journal von Peter Stotz<\/a><\/p>\n<p>Weitere Veranstaltungen, die die Geschichtswerkstatt in den n\u00e4chsten Wochen zum Bauernkrieg plant:<\/p>\n<ul>\n<li>Gemeinsamer Besuch des Bauernkriegsmuseums B\u00f6blingen mit F\u00fchrung.<\/li>\n<li>Exkursion zur Wilhelm-Zimmermann-Stube im Fricker-Haus Dettingen\/Erms. Zimmermann, Pfarrer und Paulskirchenabgeordneter, verfasste das grundlegende wissenschaftliche Werk \u201eDer gro\u00dfe deutsche Bauernkrieg (1841) (bei Interesse).<\/li>\n<li>Gemeinsamer Besuch Gro\u00dfe Landesausstellung \u201eUFFRUR\u201c \u2013 500 Jahre Bauernkrieg\u201c, Bad Schussenried (bei Interesse)<\/li>\n<li>Die genauen Daten der Veranstaltungen werden auf unserer Homepage ver\u00f6ffentlicht und aktualisiert, dazu eine Liste einf\u00fchrender Literatur und weitere aktuelle Hinweise, die uns bekannt werden.<\/li>\n<\/ul>\n<p>Falls Sie eigene Anregungen haben, sprechen Sie mit uns!<\/p>\n<p>Bis bald in Degerloch!<br \/>Ihre Geschichtswerkstatt Degerloch e.V.<\/p>\n<p><img loading=\"lazy\" decoding=\"async\" class=\"alignnone wp-image-1816 size-large\" src=\"https:\/\/geschichtswerkstatt-degerloch.de\/wp-content\/uploads\/2025\/05\/Denkmal_mit_Uli_Gsell-683x1024.jpg\" alt=\"\" width=\"660\" height=\"990\" srcset=\"https:\/\/geschichtswerkstatt-degerloch.de\/wp-content\/uploads\/2025\/05\/Denkmal_mit_Uli_Gsell-683x1024.jpg 683w, https:\/\/geschichtswerkstatt-degerloch.de\/wp-content\/uploads\/2025\/05\/Denkmal_mit_Uli_Gsell-200x300.jpg 200w, https:\/\/geschichtswerkstatt-degerloch.de\/wp-content\/uploads\/2025\/05\/Denkmal_mit_Uli_Gsell-768x1152.jpg 768w, https:\/\/geschichtswerkstatt-degerloch.de\/wp-content\/uploads\/2025\/05\/Denkmal_mit_Uli_Gsell-1024x1536.jpg 1024w, https:\/\/geschichtswerkstatt-degerloch.de\/wp-content\/uploads\/2025\/05\/Denkmal_mit_Uli_Gsell.jpg 1365w\" sizes=\"auto, (max-width: 660px) 100vw, 660px\" \/><\/p>\n<h3><span style=\"color: #b31212;\">Linksammlung zum Bauernkrieg<\/span><\/h3>\n<p><a href=\"https:\/\/www.landesarchiv-bw.de\/de\/aktuelles\/termine\/77718\">Landesarchiv: Vortragsreihe und Ausstellung<\/a><\/p>\n<p><a href=\"https:\/\/www.landesarchiv-bw.de\/sixcms\/media.php\/120\/Vortragsreihe_500_Jahre_Bauernkrieg.pdf\">Flyer der Vortragsreihe<\/a><\/p>\n<p><a href=\"https:\/\/www.landesmuseum-stuttgart.de\/ausstellungen\/ueberblick-gla-2024\/25\">Landesmuseum: Gro\u00dfe Landesausstellung<\/a><\/p>\n<p><a href=\"https:\/\/www.deutschlandfunknova.de\/beitrag\/der-deutsche-bauernkrieg-1524-aufstand-gegen-soziales-elend\">Deutschlandfunk: Der Deutsche Bauernkrieg 1524<\/a><\/p>\n\n\n<\/p>\n<p><a href=\"https:\/\/www.ardaudiothek.de\/episode\/forum\/fuer-freiheit-und-gerechtigkeit-500-jahre-bauernkrieg\/swr-kultur\/13834709\/\">SWR Kultur: F\u00fcr Freiheit und Gerechtigkeit &#8211; 500 Jahre Bauernkrieg<\/a><\/p>\n<p>\n\n\n\n<\/p>\n<p><a href=\"https:\/\/www.br.de\/radio\/bayern2\/sendungen\/radiowissen\/geschichte\/deutscher-bauernkrieg-gemeiner-mann-100.html\">Bayern 2: Aufstand des gemeinen Mannes<\/a><\/p>\n<p>\n\n\n\n<\/p>\n<h4><span style=\"color: #b31212;\">Museen<\/span><\/h4>\n<p><a href=\"https:\/\/www.bauernkriegsmuseen.de\/standorte.htm\">\u00dcbersicht \u00fcber Bauernkriegsmuseen<\/a><\/p>\n<p>\n\n\n\n<\/p>\n<p><a href=\"https:\/\/bauernkriegsmuseum.boeblingen.de\/start\">Deutsches Bauernkriegsmuseum B\u00f6blingen<\/a><\/p>\n<p>\n\n\n\n<\/p>\n<p><a href=\"https:\/\/de.m.wikisource.org\/wiki\/Deutscher_Bauernkrieg\">Quellen zum Bauernkrieg (Wikisource)<\/a><\/p>\n<p>\n\n\n<\/p>\n\n\n<p><\/p>\n\n\n\n<p><\/p>\n\n\n\n<p><br><\/p>\n\n\n\n<p><br><\/p>\n\n\n\n<p><br><\/p>\n\n\n\n<p><\/p>\n","protected":false},"excerpt":{"rendered":"<p>Liebe geschichtsbewusste Mitb\u00fcrger in Degerloch! Am 4. Mai 2025, auf den Tag genau 500 Jahre, nachdem das Bauernheer in Degerloch lagerte, wurde ein Denkmal zur Erinnerung daran, enth\u00fcllt. Der Gedenkstein wurde von Dr. Gerhard Raff angeregt und gestiftet und in den letzten Jahren von der Geschichtswerkstatt Degerloch vorbereitet. Entworfen und gestaltet wurde das Denkmal von Uli Gsell. Gewidmet ist es Jerg Ratgeb, den\u00a0 Kanzler des Bauernheeres und ber\u00fchmten Meister des&hellip;<\/p>\n","protected":false},"author":1,"featured_media":0,"parent":0,"menu_order":0,"comment_status":"closed","ping_status":"closed","template":"","meta":{"footnotes":""},"class_list":["post-1699","page","type-page","status-publish","hentry","no-post-thumbnail"],"_links":{"self":[{"href":"https:\/\/geschichtswerkstatt-degerloch.de\/aktuelles\/wp-json\/wp\/v2\/pages\/1699","targetHints":{"allow":["GET"]}}],"collection":[{"href":"https:\/\/geschichtswerkstatt-degerloch.de\/aktuelles\/wp-json\/wp\/v2\/pages"}],"about":[{"href":"https:\/\/geschichtswerkstatt-degerloch.de\/aktuelles\/wp-json\/wp\/v2\/types\/page"}],"author":[{"embeddable":true,"href":"https:\/\/geschichtswerkstatt-degerloch.de\/aktuelles\/wp-json\/wp\/v2\/users\/1"}],"replies":[{"embeddable":true,"href":"https:\/\/geschichtswerkstatt-degerloch.de\/aktuelles\/wp-json\/wp\/v2\/comments?post=1699"}],"version-history":[{"count":14,"href":"https:\/\/geschichtswerkstatt-degerloch.de\/aktuelles\/wp-json\/wp\/v2\/pages\/1699\/revisions"}],"predecessor-version":[{"id":1977,"href":"https:\/\/geschichtswerkstatt-degerloch.de\/aktuelles\/wp-json\/wp\/v2\/pages\/1699\/revisions\/1977"}],"wp:attachment":[{"href":"https:\/\/geschichtswerkstatt-degerloch.de\/aktuelles\/wp-json\/wp\/v2\/media?parent=1699"}],"curies":[{"name":"wp","href":"https:\/\/api.w.org\/{rel}","templated":true}]}}

<p>Liebe geschichtsbewusste Mitbürger in Degerloch!</p>
<figure id="attachment_1817" aria-describedby="caption-attachment-1817" style="width: 378px" class="wp-caption alignright"><img loading="lazy" decoding="async" class="wp-image-1817" src="https://geschichtswerkstatt-degerloch.de/wp-content/uploads/2025/05/Gruppenbild-1024x683.jpg" alt="Ratgeb-Denkmal" width="378" height="252" srcset="https://geschichtswerkstatt-degerloch.de/wp-content/uploads/2025/05/Gruppenbild-1024x683.jpg 1024w, https://geschichtswerkstatt-degerloch.de/wp-content/uploads/2025/05/Gruppenbild-300x200.jpg 300w, https://geschichtswerkstatt-degerloch.de/wp-content/uploads/2025/05/Gruppenbild-768x512.jpg 768w, https://geschichtswerkstatt-degerloch.de/wp-content/uploads/2025/05/Gruppenbild-1536x1024.jpg 1536w, https://geschichtswerkstatt-degerloch.de/wp-content/uploads/2025/05/Gruppenbild.jpg 2048w" sizes="auto, (max-width: 378px) 100vw, 378px" /><figcaption id="caption-attachment-1817" class="wp-caption-text">Ratgeb-Denkmal. Von links: Colyn Heinze, Christine Knobloch-Hiller, Dr. Gerhard Raff, Helmut Doka, Uli Gsell. Abbildung mit lesbarem Text unten.</figcaption></figure>
<p>Am 4. Mai 2025, auf den Tag genau 500 Jahre, nachdem das Bauernheer in Degerloch lagerte, wurde ein Denkmal zur Erinnerung daran, enthüllt. Der Gedenkstein wurde von Dr. Gerhard Raff angeregt und gestiftet und in den letzten Jahren von der Geschichtswerkstatt Degerloch vorbereitet. Entworfen und gestaltet wurde das Denkmal von Uli Gsell. Gewidmet ist es Jerg Ratgeb, den  Kanzler des Bauernheeres und berühmten Meister des Herrenberger Altars Jerg Ratgeb. Denn er war es, der das Bauernheer auf den 4. Mai 1525 nach „Tegerloch ob Stuttgarten“ zusammenrufen ließ und dort versammelte. Nach etwa 4 Tagen rückte es dann ab in Richtung Herrenberg und schließlich Böblingen, wo es am 12. Mai seinen völligen Untergang durch die überlegenen Söldner des „Bauernjörg“, Truchsess von Waldburg, erlitt, ein Ereignis, das die deutsche Geschichte prägte wie nur wenige andere historische Vorkommnisse. Wenn man so will, hat damals der „Mantel der Geschichte“ Degerloch auf sehr düstere Weise gestreift.<br />Der Bauernkrieg wurde in der Geschichtsschreibung und im Bewusstsein der Deutschen bis heute sehr unterschiedlich bewertet; für die einen waren die aufständischen Bauernkrieger gottverlassene Rotten von räuberischen und mörderischen Bauern, andere, darunter viele heutige Historiker, sehen etwa die „12 Artikel“ der Bauern als die historische Ankunft der Menschen- und Bürgerrechte im politischen Prozess, also eine weltpolitisch äußerst folgenreiche Weichenstellung. Auch wenn die Bauern damals erst einmal scheiterten, war ihre Formulierung der Menschenrechte von jetzt an in der Welt und befeuerte sowohl die Amerikanische wie die Französische Revolution – und die Degerlocher können zumindest sagen, sie seien dabei gewesen.</p>
<figure id="attachment_1818" aria-describedby="caption-attachment-1818" style="width: 660px" class="wp-caption alignnone"><img loading="lazy" decoding="async" class="wp-image-1818 size-large" src="https://geschichtswerkstatt-degerloch.de/wp-content/uploads/2025/05/Enthuellung-1024x683.jpg" alt="Denkmalenthüllung" width="660" height="440" srcset="https://geschichtswerkstatt-degerloch.de/wp-content/uploads/2025/05/Enthuellung-1024x683.jpg 1024w, https://geschichtswerkstatt-degerloch.de/wp-content/uploads/2025/05/Enthuellung-300x200.jpg 300w, https://geschichtswerkstatt-degerloch.de/wp-content/uploads/2025/05/Enthuellung-768x512.jpg 768w, https://geschichtswerkstatt-degerloch.de/wp-content/uploads/2025/05/Enthuellung-1536x1024.jpg 1536w, https://geschichtswerkstatt-degerloch.de/wp-content/uploads/2025/05/Enthuellung.jpg 2048w" sizes="auto, (max-width: 660px) 100vw, 660px" /><figcaption id="caption-attachment-1818" class="wp-caption-text">Am 4. Mai 2025 wurde das Ratgeb-Denkmal durch Colyn Heinze und Uli Gsell mit Unterstützung enthüllt.</figcaption></figure>
<p>Siehe auch das <a href="https://www.youtube.com/watch?v=9GkizC98zk8">Video von Michael Köstler (GWD)</a> von der Enthüllung</p>
<p>und den <a href="https://www.degerloch.info/files/DEGERLOCH/DJ-PDF/degerloch-journal_2025_19.pdf">Artikel im Degerloch Journal von Peter Stotz</a></p>
<p>Weitere Veranstaltungen, die die Geschichtswerkstatt in den nächsten Wochen zum Bauernkrieg plant:</p>
<ul>
<li>Gemeinsamer Besuch des Bauernkriegsmuseums Böblingen mit Führung.</li>
<li>Exkursion zur Wilhelm-Zimmermann-Stube im Fricker-Haus Dettingen/Erms. Zimmermann, Pfarrer und Paulskirchenabgeordneter, verfasste das grundlegende wissenschaftliche Werk „Der große deutsche Bauernkrieg (1841) (bei Interesse).</li>
<li>Gemeinsamer Besuch Große Landesausstellung „UFFRUR“ – 500 Jahre Bauernkrieg“, Bad Schussenried (bei Interesse)</li>
<li>Die genauen Daten der Veranstaltungen werden auf unserer Homepage veröffentlicht und aktualisiert, dazu eine Liste einführender Literatur und weitere aktuelle Hinweise, die uns bekannt werden.</li>
</ul>
<p>Falls Sie eigene Anregungen haben, sprechen Sie mit uns!</p>
<p>Bis bald in Degerloch!<br />Ihre Geschichtswerkstatt Degerloch e.V.</p>
<p><img loading="lazy" decoding="async" class="alignnone wp-image-1816 size-large" src="https://geschichtswerkstatt-degerloch.de/wp-content/uploads/2025/05/Denkmal_mit_Uli_Gsell-683x1024.jpg" alt="" width="660" height="990" srcset="https://geschichtswerkstatt-degerloch.de/wp-content/uploads/2025/05/Denkmal_mit_Uli_Gsell-683x1024.jpg 683w, https://geschichtswerkstatt-degerloch.de/wp-content/uploads/2025/05/Denkmal_mit_Uli_Gsell-200x300.jpg 200w, https://geschichtswerkstatt-degerloch.de/wp-content/uploads/2025/05/Denkmal_mit_Uli_Gsell-768x1152.jpg 768w, https://geschichtswerkstatt-degerloch.de/wp-content/uploads/2025/05/Denkmal_mit_Uli_Gsell-1024x1536.jpg 1024w, https://geschichtswerkstatt-degerloch.de/wp-content/uploads/2025/05/Denkmal_mit_Uli_Gsell.jpg 1365w" sizes="auto, (max-width: 660px) 100vw, 660px" /></p>
<h3><span style="color: #b31212;">Linksammlung zum Bauernkrieg</span></h3>
<p><a href="https://www.landesarchiv-bw.de/de/aktuelles/termine/77718">Landesarchiv: Vortragsreihe und Ausstellung</a></p>
<p><a href="https://www.landesarchiv-bw.de/sixcms/media.php/120/Vortragsreihe_500_Jahre_Bauernkrieg.pdf">Flyer der Vortragsreihe</a></p>
<p><a href="https://www.landesmuseum-stuttgart.de/ausstellungen/ueberblick-gla-2024/25">Landesmuseum: Große Landesausstellung</a></p>
<p><a href="https://www.deutschlandfunknova.de/beitrag/der-deutsche-bauernkrieg-1524-aufstand-gegen-soziales-elend">Deutschlandfunk: Der Deutsche Bauernkrieg 1524</a></p>


</p>
<p><a href="https://www.ardaudiothek.de/episode/forum/fuer-freiheit-und-gerechtigkeit-500-jahre-bauernkrieg/swr-kultur/13834709/">SWR Kultur: Für Freiheit und Gerechtigkeit &#8211; 500 Jahre Bauernkrieg</a></p>
<p>



</p>
<p><a href="https://www.br.de/radio/bayern2/sendungen/radiowissen/geschichte/deutscher-bauernkrieg-gemeiner-mann-100.html">Bayern 2: Aufstand des gemeinen Mannes</a></p>
<p>



</p>
<h4><span style="color: #b31212;">Museen</span></h4>
<p><a href="https://www.bauernkriegsmuseen.de/standorte.htm">Übersicht über Bauernkriegsmuseen</a></p>
<p>



</p>
<p><a href="https://bauernkriegsmuseum.boeblingen.de/start">Deutsches Bauernkriegsmuseum Böblingen</a></p>
<p>



</p>
<p><a href="https://de.m.wikisource.org/wiki/Deutscher_Bauernkrieg">Quellen zum Bauernkrieg (Wikisource)</a></p>
<p>


</p>


<p></p>



<p></p>



<p><br></p>



<p><br></p>



<p><br></p>



<p></p>

<p>Liebe geschichtsbewusste Mitbürger in Degerloch! Am 4. Mai 2025, auf den Tag genau 500 Jahre, nachdem das Bauernheer in Degerloch lagerte, wurde ein Denkmal zur Erinnerung daran, enthüllt. Der Gedenkstein wurde von Dr. Gerhard Raff angeregt und gestiftet und in den letzten Jahren von der Geschichtswerkstatt Degerloch vorbereitet. Entworfen und gestaltet wurde das Denkmal von Uli Gsell. Gewidmet ist es Jerg Ratgeb, den  Kanzler des Bauernheeres und berühmten Meister des&hellip;</p>
